{"id":261,"date":"2023-04-29T16:40:51","date_gmt":"2023-04-29T14:40:51","guid":{"rendered":"https:\/\/www.anjou-tfp-plomberie.fr\/?page_id=261"},"modified":"2023-05-17T20:07:59","modified_gmt":"2023-05-17T18:07:59","slug":"installation-salle-de-bain","status":"publish","type":"page","link":"https:\/\/www.anjou-tfp-plomberie.fr\/inlog\/installation-salle-de-bain\/","title":{"rendered":"Installation salle de bain"},"content":{"rendered":"\t\t<div data-elementor-type=\"wp-page\" data-elementor-id=\"261\" class=\"elementor elementor-261\">\n\t\t\t\t\t\t<section class=\"elementor-section elementor-top-section elementor-element elementor-element-056c04c elementor-section-boxed elementor-section-height-default elementor-section-height-default exad-glass-effect-no exad-sticky-section-no\" data-id=\"056c04c\" data-element_type=\"section\">\n\t\t\t\t\t\t<div class=\"elementor-container elementor-column-gap-default\">\n\t\t\t\t\t<div class=\"elementor-column elementor-col-100 elementor-top-column elementor-element elementor-element-d3d93a0 exad-glass-effect-no exad-sticky-section-no\" data-id=\"d3d93a0\" data-element_type=\"column\">\n\t\t\t<div class=\"elementor-widget-wrap elementor-element-populated\">\n\t\t\t\t\t\t<div class=\"elementor-element elementor-element-e632369 exad-sticky-section-no exad-glass-effect-no elementor-widget elementor-widget-heading\" data-id=\"e632369\" data-element_type=\"widget\" data-widget_type=\"heading.default\">\n\t\t\t\t<div class=\"elementor-widget-container\">\n\t\t\t\t\t<h2 class=\"elementor-heading-title elementor-size-default\">Ensemble, envisageons votre salle de bain id\u00e9ale.<\/h2>\t\t\t\t<\/div>\n\t\t\t\t<\/div>\n\t\t\t\t<div class=\"elementor-element elementor-element-420dbb8 elementor-arrows-position-inside elementor-pagination-position-outside exad-sticky-section-no exad-glass-effect-no elementor-widget elementor-widget-image-carousel\" data-id=\"420dbb8\" data-element_type=\"widget\" data-settings=\"{&quot;slides_to_show&quot;:&quot;1&quot;,&quot;navigation&quot;:&quot;both&quot;,&quot;autoplay&quot;:&quot;yes&quot;,&quot;pause_on_hover&quot;:&quot;yes&quot;,&quot;pause_on_interaction&quot;:&quot;yes&quot;,&quot;autoplay_speed&quot;:5000,&quot;infinite&quot;:&quot;yes&quot;,&quot;effect&quot;:&quot;slide&quot;,&quot;speed&quot;:500}\" data-widget_type=\"image-carousel.default\">\n\t\t\t\t<div class=\"elementor-widget-container\">\n\t\t\t\t\t\t\t<div class=\"elementor-image-carousel-wrapper swiper\" role=\"region\" aria-roledescription=\"carousel\" aria-label=\"Carrousel d\u2019images\" dir=\"ltr\">\n\t\t\t<div class=\"elementor-image-carousel swiper-wrapper\" aria-live=\"off\">\n\t\t\t\t\t\t\t\t<div class=\"swiper-slide\" role=\"group\" aria-roledescription=\"slide\" aria-label=\"1 sur 7\"><figure class=\"swiper-slide-inner\"><img decoding=\"async\" class=\"swiper-slide-image\" src=\"https:\/\/www.anjou-tfp-plomberie.fr\/wp-content\/uploads\/2023\/05\/20220407_134909-800x450.jpg\" alt=\"20220407_134909\" \/><\/figure><\/div><div class=\"swiper-slide\" role=\"group\" aria-roledescription=\"slide\" aria-label=\"2 sur 7\"><figure class=\"swiper-slide-inner\"><img decoding=\"async\" class=\"swiper-slide-image\" src=\"https:\/\/www.anjou-tfp-plomberie.fr\/wp-content\/uploads\/2023\/05\/IMG_1431-800x450.jpg\" alt=\"IMG_1431\" \/><\/figure><\/div><div class=\"swiper-slide\" role=\"group\" aria-roledescription=\"slide\" aria-label=\"3 sur 7\"><figure class=\"swiper-slide-inner\"><img decoding=\"async\" class=\"swiper-slide-image\" src=\"https:\/\/www.anjou-tfp-plomberie.fr\/wp-content\/uploads\/2023\/05\/IMG_1442-1-800x450.jpg\" alt=\"Salle de bain\" \/><\/figure><\/div><div class=\"swiper-slide\" role=\"group\" aria-roledescription=\"slide\" aria-label=\"4 sur 7\"><figure class=\"swiper-slide-inner\"><img decoding=\"async\" class=\"swiper-slide-image\" src=\"https:\/\/www.anjou-tfp-plomberie.fr\/wp-content\/uploads\/2023\/05\/IMG_1444-800x450.jpg\" alt=\"IMG_1444\" \/><\/figure><\/div><div class=\"swiper-slide\" role=\"group\" aria-roledescription=\"slide\" aria-label=\"5 sur 7\"><figure class=\"swiper-slide-inner\"><img decoding=\"async\" class=\"swiper-slide-image\" src=\"https:\/\/www.anjou-tfp-plomberie.fr\/wp-content\/uploads\/2023\/05\/IMG_1461-800x450.jpg\" alt=\"IMG_1461\" \/><\/figure><\/div><div class=\"swiper-slide\" role=\"group\" aria-roledescription=\"slide\" aria-label=\"6 sur 7\"><figure class=\"swiper-slide-inner\"><img decoding=\"async\" class=\"swiper-slide-image\" src=\"https:\/\/www.anjou-tfp-plomberie.fr\/wp-content\/uploads\/2023\/05\/IMG_1472-800x450.jpg\" alt=\"IMG_1472\" \/><\/figure><\/div><div class=\"swiper-slide\" role=\"group\" aria-roledescription=\"slide\" aria-label=\"7 sur 7\"><figure class=\"swiper-slide-inner\"><img decoding=\"async\" class=\"swiper-slide-image\" src=\"https:\/\/www.anjou-tfp-plomberie.fr\/wp-content\/uploads\/2023\/05\/IMG_1484-800x450.jpg\" alt=\"IMG_1484\" \/><\/figure><\/div>\t\t\t<\/div>\n\t\t\t\t\t\t\t\t\t\t\t\t<div class=\"elementor-swiper-button elementor-swiper-button-prev\" role=\"button\" tabindex=\"0\">\n\t\t\t\t\t\t<i aria-hidden=\"true\" class=\"eicon-chevron-left\"><\/i>\t\t\t\t\t<\/div>\n\t\t\t\t\t<div class=\"elementor-swiper-button elementor-swiper-button-next\" role=\"button\" tabindex=\"0\">\n\t\t\t\t\t\t<i aria-hidden=\"true\" class=\"eicon-chevron-right\"><\/i>\t\t\t\t\t<\/div>\n\t\t\t\t\n\t\t\t\t\t\t\t\t\t<div class=\"swiper-pagination\"><\/div>\n\t\t\t\t\t\t\t\t\t<\/div>\n\t\t\t\t\t\t<\/div>\n\t\t\t\t<\/div>\n\t\t\t\t\t<\/div>\n\t\t<\/div>\n\t\t\t\t\t<\/div>\n\t\t<\/section>\n\t\t\t\t<section class=\"elementor-section elementor-top-section elementor-element elementor-element-3d4ace4 elementor-section-boxed elementor-section-height-default elementor-section-height-default exad-glass-effect-no exad-sticky-section-no\" data-id=\"3d4ace4\" data-element_type=\"section\">\n\t\t\t\t\t\t<div class=\"elementor-container elementor-column-gap-default\">\n\t\t\t\t\t<div class=\"elementor-column elementor-col-50 elementor-top-column elementor-element elementor-element-a618343 exad-glass-effect-no exad-sticky-section-no\" data-id=\"a618343\" data-element_type=\"column\">\n\t\t\t<div class=\"elementor-widget-wrap elementor-element-populated\">\n\t\t\t\t\t\t<div class=\"elementor-element elementor-element-c56e60e exad-sticky-section-no exad-glass-effect-no elementor-widget elementor-widget-text-editor\" data-id=\"c56e60e\" data-element_type=\"widget\" data-widget_type=\"text-editor.default\">\n\t\t\t\t<div class=\"elementor-widget-container\">\n\t\t\t\t\t\t\t\t\t<p>\u00a0Qu&rsquo;il s&rsquo;agisse de r\u00e9aliser une nouvelle salle de bain ou de r\u00e9nover celle existante, de nombreuses questions se posent, notamment en ce qui concerne\u00a0:<\/p><ul><li>L&rsquo;am\u00e9nagement de l&rsquo;espace disponible,<\/li><li>Les contraintes li\u00e9es aux arriv\u00e9es et \u00e9vacuations d&rsquo;eau,<\/li><li>Le respect des r\u00e9glementations en vigueur, notamment en mati\u00e8re de s\u00e9curit\u00e9 \u00e9lectrique,<\/li><li>Le choix des mat\u00e9riaux, qui joue un r\u00f4le crucial dans l&rsquo;utilisation quotidienne de la salle de bain, sa durabilit\u00e9 et l&rsquo;impact financier de sa r\u00e9alisation.<\/li><\/ul><p>Il existe une large gamme de mat\u00e9riaux pour salle de bain, adapt\u00e9s \u00e0 tous les budgets, \u00e0 condition de conna\u00eetre leurs possibilit\u00e9s et de bien les associer.<\/p><p>En tant qu&rsquo;expert, je vous apporte mes connaissances et mon expertise pour concr\u00e9tiser la salle de bain de vos r\u00eaves.<\/p><p><span>En tant qu&rsquo;adh\u00e9rent de la coop\u00e9rative Artisans Artip\u00f4le, vous b\u00e9n\u00e9ficiez de l&rsquo;avantage de pouvoir s\u00e9lectionner votre salle de bain parmi les mod\u00e8les expos\u00e9s dans notre salle d&rsquo;exposition. <\/span><\/p><p><span>Pour obtenir davantage d&rsquo;informations sur notre salle d&rsquo;exposition et pour prendre rendez-vous avec l&rsquo;un de nos conseillers, veuillez suivre le lien ci-dessous. <\/span><span>Nous serons ravis de vous accompagner dans la r\u00e9alisation de votre projet de salle de bain id\u00e9ale.<\/span><\/p><p><a href=\"https:\/\/www.artipole.fr\/salles-exposition\/bain-et-electricite\/angers\" target=\"_blank\" rel=\"noopener\">https:\/\/www.artipole.fr\/salles-exposition\/bain-et-electricite\/angers<\/a>\u00a0<\/p>\t\t\t\t\t\t\t\t<\/div>\n\t\t\t\t<\/div>\n\t\t\t\t\t<\/div>\n\t\t<\/div>\n\t\t\t\t<div class=\"elementor-column elementor-col-50 elementor-top-column elementor-element elementor-element-59f995e exad-glass-effect-no exad-sticky-section-no\" data-id=\"59f995e\" data-element_type=\"column\">\n\t\t\t<div class=\"elementor-widget-wrap elementor-element-populated\">\n\t\t\t\t\t\t<div class=\"elementor-element elementor-element-c3c8f3e exad-sticky-section-no exad-glass-effect-no elementor-widget elementor-widget-formidable\" data-id=\"c3c8f3e\" data-element_type=\"widget\" data-widget_type=\"formidable.default\">\n\t\t\t\t<div class=\"elementor-widget-container\">\n\t\t\t\t\t<div class=\"frm_forms  with_frm_style frm_style_style-formidable\" id=\"frm_form_4_container\" data-token=\"ff9663e0a96d9e17eb60d7604b3f684b\">\n<form enctype=\"multipart\/form-data\" method=\"post\" class=\"frm-show-form \" id=\"form_contactdevis2\" data-token=\"ff9663e0a96d9e17eb60d7604b3f684b\">\n<div class=\"frm_form_fields \">\n<fieldset>\n<legend class=\"frm_screen_reader\">salle de bain<\/legend>\r\n\r\n<div class=\"frm_fields_container\">\n<input type=\"hidden\" name=\"frm_action\" value=\"create\" \/>\n<input type=\"hidden\" name=\"form_id\" value=\"4\" \/>\n<input type=\"hidden\" name=\"frm_hide_fields_4\" id=\"frm_hide_fields_4\" value=\"\" \/>\n<input type=\"hidden\" name=\"form_key\" value=\"contactdevis2\" \/>\n<input type=\"hidden\" name=\"item_meta[0]\" value=\"\" \/>\n<input type=\"hidden\" id=\"frm_submit_entry_4\" name=\"frm_submit_entry_4\" value=\"895db583fc\" \/><input type=\"hidden\" name=\"_wp_http_referer\" value=\"\/inlog\/wp-json\/wp\/v2\/pages\/261\" \/><div id=\"frm_field_21_container\" class=\"frm_form_field form-field  frm_required_field frm_top_container frm12  frm6 frm_first\">\r\n    <label for=\"field_5ejtl3\" id=\"field_5ejtl3_label\" class=\"frm_primary_label\">Nom\r\n        <span class=\"frm_required\" aria-hidden=\"true\">*<\/span>\r\n    <\/label>\r\n    <input type=\"text\" id=\"field_5ejtl3\" name=\"item_meta[21]\" value=\"\"  placeholder=\"Nom\" data-reqmsg=\"Ce champ ne peut pas \u00eatre vide\" aria-required=\"true\" data-invmsg=\"texte est non valide\" aria-invalid=\"false\"  \/>\r\n    \r\n    \r\n<\/div>\n<div id=\"frm_field_22_container\" class=\"frm_form_field form-field  frm_top_container frm6\">\r\n    <label for=\"field_cmuym3\" id=\"field_cmuym3_label\" class=\"frm_primary_label\">Pr\u00e9nom\r\n        <span class=\"frm_required\" aria-hidden=\"true\"><\/span>\r\n    <\/label>\r\n    <input type=\"text\" id=\"field_cmuym3\" name=\"item_meta[22]\" value=\"\"  placeholder=\"Pr\u00e9nom\" data-invmsg=\"texte est non valide\" aria-invalid=\"false\"  \/>\r\n    \r\n    \r\n<\/div>\n<div id=\"frm_field_23_container\" class=\"frm_form_field form-field  frm_required_field frm_top_container frm6 frm_first\">\r\n    <label for=\"field_xewa3\" id=\"field_xewa3_label\" class=\"frm_primary_label\">Email\r\n        <span class=\"frm_required\" aria-hidden=\"true\">*<\/span>\r\n    <\/label>\r\n    <input type=\"email\" id=\"field_xewa3\" name=\"item_meta[23]\" value=\"\"  placeholder=\"Email\" data-reqmsg=\"Ce champ ne peut pas \u00eatre vide\" aria-required=\"true\" data-invmsg=\"Email est non valide\" aria-invalid=\"false\"  \/>\r\n    \r\n    \r\n<\/div>\n<div id=\"frm_field_24_container\" class=\"frm_form_field form-field  frm_required_field frm_top_container frm6\">\r\n    <label for=\"field_h5ogr3\" id=\"field_h5ogr3_label\" class=\"frm_primary_label\">T\u00e9l\u00e9phone\r\n        <span class=\"frm_required\" aria-hidden=\"true\">*<\/span>\r\n    <\/label>\r\n    <input type=\"tel\" id=\"field_h5ogr3\" name=\"item_meta[24]\" value=\"\"  placeholder=\"T\u00e9l\u00e9phone\" data-reqmsg=\"T\u00e9l\u00e9phone ne peut pas \u00eatre vide.\" aria-required=\"true\" data-invmsg=\"T\u00e9l\u00e9phone est non valide\" aria-invalid=\"false\" pattern=\"((\\+\\d{1,3}(-|.| )?\\(?\\d\\)?(-| |.)?\\d{1,5})|(\\(?\\d{2,6}\\)?))(-|.| )?(\\d{3,4})(-|.| )?(\\d{4})(( x| ext)\\d{1,5}){0,1}$\"  \/>\r\n    \r\n    \r\n<\/div>\n<div id=\"frm_field_25_container\" class=\"frm_form_field form-field  frm_required_field frm_top_container frm_first vertical_radio\">\r\n    <div  id=\"field_xxg9s3_label\" class=\"frm_primary_label\">Demande\r\n        <span class=\"frm_required\" aria-hidden=\"true\">*<\/span>\r\n    <\/div>\r\n    <div class=\"frm_opt_container\" aria-labelledby=\"field_xxg9s3_label\" role=\"radiogroup\" aria-required=\"true\">\t\t<div class=\"frm_radio\" id=\"frm_radio_25-1\">\t\t\t<label  for=\"field_xxg9s3-1\">\n\t\t\t\t\t<input type=\"radio\" name=\"item_meta[25]\" id=\"field_xxg9s3-1\" value=\"Installation salle de bain\"\n\t\t   data-reqmsg=\"Ce champ ne peut pas \u00eatre vide\" data-invmsg=\"Demande est non valide\"  \/> Installation salle de bain<\/label><\/div>\n<\/div>\r\n    \r\n    \r\n<\/div>\n<div id=\"frm_field_26_container\" class=\"frm_form_field form-field  frm_top_container frm12\">\r\n    <label for=\"field_s1fel3\" id=\"field_s1fel3_label\" class=\"frm_primary_label\">Pr\u00e9cisions\r\n        <span class=\"frm_required\" aria-hidden=\"true\"><\/span>\r\n    <\/label>\r\n    <textarea name=\"item_meta[26]\" id=\"field_s1fel3\" rows=\"5\"  data-invmsg=\"Pr\u00e9cisions est non valide\" aria-invalid=\"false\"  ><\/textarea>\r\n    \r\n    \r\n<\/div>\n\t<input type=\"hidden\" name=\"item_key\" value=\"\" \/>\n\t\t\t<div id=\"frm_field_27_container\">\n\t\t\t<label for=\"field_8qk1u\" >\n\t\t\t\tSi vous \u00eates un humain, ne remplissez pas ce champ.\t\t\t<\/label>\n\t\t\t<input  id=\"field_8qk1u\" type=\"text\" class=\"frm_form_field form-field frm_verify\" name=\"item_meta[27]\" value=\"\"  \/>\n\t\t<\/div>\n\t\t<input name=\"frm_state\" type=\"hidden\" value=\"9irs58PPluYsjsBJJJfwKI3\/aKQiq8VXRBkTEVsk0rw=\" \/><div class=\"frm_submit\">\r\n\r\n<button class=\"frm_button_submit\" type=\"submit\"  >Envoyer<\/button>\r\n\r\n\r\n<\/div><\/div>\n<\/fieldset>\n<\/div>\n\n<\/form>\n<\/div>\n\t\t\t\t<\/div>\n\t\t\t\t<\/div>\n\t\t\t\t\t<\/div>\n\t\t<\/div>\n\t\t\t\t\t<\/div>\n\t\t<\/section>\n\t\t\t\t<\/div>\n\t\t","protected":false},"excerpt":{"rendered":"<p>Ensemble, envisageons votre salle de bain id\u00e9ale. Previous image Next image \u00a0Qu&rsquo;il s&rsquo;agisse de r\u00e9aliser une nouvelle salle de bain ou de r\u00e9nover celle existante, de nombreuses questions se posent, notamment en ce qui concerne\u00a0: L&rsquo;am\u00e9nagement de l&rsquo;espace disponible, Les contraintes li\u00e9es aux arriv\u00e9es et \u00e9vacuations d&rsquo;eau, Le respect des r\u00e9glementations en vigueur, notamment en [&hellip;]<\/p>\n","protected":false},"author":1,"featured_media":0,"parent":0,"menu_order":0,"comment_status":"closed","ping_status":"closed","template":"","meta":{"footnotes":""},"class_list":["post-261","page","type-page","status-publish","hentry","entry"],"yoast_head":"<!-- This site is optimized with the Yoast SEO plugin v23.6 - https:\/\/yoast.com\/wordpress\/plugins\/seo\/ -->\n<title>Installation salle de bain - Anjou TFP Plomberie<\/title>\n<meta name=\"robots\" content=\"index, follow, max-snippet:-1, max-image-preview:large, max-video-preview:-1\" \/>\n<link rel=\"canonical\" href=\"https:\/\/www.anjou-tfp-plomberie.fr\/inlog\/installation-salle-de-bain\/\" \/>\n<meta property=\"og:locale\" content=\"fr_FR\" \/>\n<meta property=\"og:type\" content=\"article\" \/>\n<meta property=\"og:title\" content=\"Installation salle de bain - Anjou TFP Plomberie\" \/>\n<meta property=\"og:description\" content=\"Ensemble, envisageons votre salle de bain id\u00e9ale. Previous image Next image \u00a0Qu&rsquo;il s&rsquo;agisse de r\u00e9aliser une nouvelle salle de bain ou de r\u00e9nover celle existante, de nombreuses questions se posent, notamment en ce qui concerne\u00a0: L&rsquo;am\u00e9nagement de l&rsquo;espace disponible, Les contraintes li\u00e9es aux arriv\u00e9es et \u00e9vacuations d&rsquo;eau, Le respect des r\u00e9glementations en vigueur, notamment en [&hellip;]\" \/>\n<meta property=\"og:url\" content=\"https:\/\/www.anjou-tfp-plomberie.fr\/inlog\/installation-salle-de-bain\/\" \/>\n<meta property=\"og:site_name\" content=\"Anjou TFP Plomberie\" \/>\n<meta property=\"article:publisher\" content=\"https:\/\/www.facebook.com\/AnjouTfpPlomberieToubin\/?locale=fr_FR\" \/>\n<meta property=\"article:modified_time\" content=\"2023-05-17T18:07:59+00:00\" \/>\n<meta property=\"og:image\" content=\"https:\/\/www.anjou-tfp-plomberie.fr\/wp-content\/uploads\/2023\/05\/20220407_134909-800x450.jpg\" \/>\n<meta name=\"twitter:card\" content=\"summary_large_image\" \/>\n<meta name=\"twitter:label1\" content=\"Dur\u00e9e de lecture estim\u00e9e\" \/>\n\t<meta name=\"twitter:data1\" content=\"3 minutes\" \/>\n<script type=\"application\/ld+json\" class=\"yoast-schema-graph\">{\"@context\":\"https:\/\/schema.org\",\"@graph\":[{\"@type\":\"WebPage\",\"@id\":\"https:\/\/www.anjou-tfp-plomberie.fr\/inlog\/installation-salle-de-bain\/\",\"url\":\"https:\/\/www.anjou-tfp-plomberie.fr\/inlog\/installation-salle-de-bain\/\",\"name\":\"Installation salle de bain - Anjou TFP Plomberie\",\"isPartOf\":{\"@id\":\"https:\/\/www.anjou-tfp-plomberie.fr\/inlog\/#website\"},\"primaryImageOfPage\":{\"@id\":\"https:\/\/www.anjou-tfp-plomberie.fr\/inlog\/installation-salle-de-bain\/#primaryimage\"},\"image\":{\"@id\":\"https:\/\/www.anjou-tfp-plomberie.fr\/inlog\/installation-salle-de-bain\/#primaryimage\"},\"thumbnailUrl\":\"https:\/\/www.anjou-tfp-plomberie.fr\/wp-content\/uploads\/2023\/05\/20220407_134909-800x450.jpg\",\"datePublished\":\"2023-04-29T14:40:51+00:00\",\"dateModified\":\"2023-05-17T18:07:59+00:00\",\"breadcrumb\":{\"@id\":\"https:\/\/www.anjou-tfp-plomberie.fr\/inlog\/installation-salle-de-bain\/#breadcrumb\"},\"inLanguage\":\"fr-FR\",\"potentialAction\":[{\"@type\":\"ReadAction\",\"target\":[\"https:\/\/www.anjou-tfp-plomberie.fr\/inlog\/installation-salle-de-bain\/\"]}]},{\"@type\":\"ImageObject\",\"inLanguage\":\"fr-FR\",\"@id\":\"https:\/\/www.anjou-tfp-plomberie.fr\/inlog\/installation-salle-de-bain\/#primaryimage\",\"url\":\"https:\/\/www.anjou-tfp-plomberie.fr\/wp-content\/uploads\/2023\/05\/20220407_134909-800x450.jpg\",\"contentUrl\":\"https:\/\/www.anjou-tfp-plomberie.fr\/wp-content\/uploads\/2023\/05\/20220407_134909-800x450.jpg\"},{\"@type\":\"BreadcrumbList\",\"@id\":\"https:\/\/www.anjou-tfp-plomberie.fr\/inlog\/installation-salle-de-bain\/#breadcrumb\",\"itemListElement\":[{\"@type\":\"ListItem\",\"position\":1,\"name\":\"Accueil\",\"item\":\"https:\/\/www.anjou-tfp-plomberie.fr\/inlog\/\"},{\"@type\":\"ListItem\",\"position\":2,\"name\":\"Installation salle de bain\"}]},{\"@type\":\"WebSite\",\"@id\":\"https:\/\/www.anjou-tfp-plomberie.fr\/inlog\/#website\",\"url\":\"https:\/\/www.anjou-tfp-plomberie.fr\/inlog\/\",\"name\":\"Anjou TFP Plomberie\",\"description\":\"\",\"publisher\":{\"@id\":\"https:\/\/www.anjou-tfp-plomberie.fr\/inlog\/#organization\"},\"potentialAction\":[{\"@type\":\"SearchAction\",\"target\":{\"@type\":\"EntryPoint\",\"urlTemplate\":\"https:\/\/www.anjou-tfp-plomberie.fr\/inlog\/?s={search_term_string}\"},\"query-input\":{\"@type\":\"PropertyValueSpecification\",\"valueRequired\":true,\"valueName\":\"search_term_string\"}}],\"inLanguage\":\"fr-FR\"},{\"@type\":\"Organization\",\"@id\":\"https:\/\/www.anjou-tfp-plomberie.fr\/inlog\/#organization\",\"name\":\"Anjou TFP Plomberie\",\"url\":\"https:\/\/www.anjou-tfp-plomberie.fr\/inlog\/\",\"logo\":{\"@type\":\"ImageObject\",\"inLanguage\":\"fr-FR\",\"@id\":\"https:\/\/www.anjou-tfp-plomberie.fr\/inlog\/#\/schema\/logo\/image\/\",\"url\":\"https:\/\/www.anjou-tfp-plomberie.fr\/wp-content\/uploads\/2023\/04\/cropped-logotfp-entete-1.jpg\",\"contentUrl\":\"https:\/\/www.anjou-tfp-plomberie.fr\/wp-content\/uploads\/2023\/04\/cropped-logotfp-entete-1.jpg\",\"width\":171,\"height\":70,\"caption\":\"Anjou TFP Plomberie\"},\"image\":{\"@id\":\"https:\/\/www.anjou-tfp-plomberie.fr\/inlog\/#\/schema\/logo\/image\/\"},\"sameAs\":[\"https:\/\/www.facebook.com\/AnjouTfpPlomberieToubin\/?locale=fr_FR\",\"https:\/\/www.pagesjaunes.fr\/pros\/54400017\"]}]}<\/script>\n<!-- \/ Yoast SEO plugin. -->","yoast_head_json":{"title":"Installation salle de bain - Anjou TFP Plomberie","robots":{"index":"index","follow":"follow","max-snippet":"max-snippet:-1","max-image-preview":"max-image-preview:large","max-video-preview":"max-video-preview:-1"},"canonical":"https:\/\/www.anjou-tfp-plomberie.fr\/inlog\/installation-salle-de-bain\/","og_locale":"fr_FR","og_type":"article","og_title":"Installation salle de bain - Anjou TFP Plomberie","og_description":"Ensemble, envisageons votre salle de bain id\u00e9ale. Previous image Next image \u00a0Qu&rsquo;il s&rsquo;agisse de r\u00e9aliser une nouvelle salle de bain ou de r\u00e9nover celle existante, de nombreuses questions se posent, notamment en ce qui concerne\u00a0: L&rsquo;am\u00e9nagement de l&rsquo;espace disponible, Les contraintes li\u00e9es aux arriv\u00e9es et \u00e9vacuations d&rsquo;eau, Le respect des r\u00e9glementations en vigueur, notamment en [&hellip;]","og_url":"https:\/\/www.anjou-tfp-plomberie.fr\/inlog\/installation-salle-de-bain\/","og_site_name":"Anjou TFP Plomberie","article_publisher":"https:\/\/www.facebook.com\/AnjouTfpPlomberieToubin\/?locale=fr_FR","article_modified_time":"2023-05-17T18:07:59+00:00","og_image":[{"url":"https:\/\/www.anjou-tfp-plomberie.fr\/wp-content\/uploads\/2023\/05\/20220407_134909-800x450.jpg"}],"twitter_card":"summary_large_image","twitter_misc":{"Dur\u00e9e de lecture estim\u00e9e":"3 minutes"},"schema":{"@context":"https:\/\/schema.org","@graph":[{"@type":"WebPage","@id":"https:\/\/www.anjou-tfp-plomberie.fr\/inlog\/installation-salle-de-bain\/","url":"https:\/\/www.anjou-tfp-plomberie.fr\/inlog\/installation-salle-de-bain\/","name":"Installation salle de bain - Anjou TFP Plomberie","isPartOf":{"@id":"https:\/\/www.anjou-tfp-plomberie.fr\/inlog\/#website"},"primaryImageOfPage":{"@id":"https:\/\/www.anjou-tfp-plomberie.fr\/inlog\/installation-salle-de-bain\/#primaryimage"},"image":{"@id":"https:\/\/www.anjou-tfp-plomberie.fr\/inlog\/installation-salle-de-bain\/#primaryimage"},"thumbnailUrl":"https:\/\/www.anjou-tfp-plomberie.fr\/wp-content\/uploads\/2023\/05\/20220407_134909-800x450.jpg","datePublished":"2023-04-29T14:40:51+00:00","dateModified":"2023-05-17T18:07:59+00:00","breadcrumb":{"@id":"https:\/\/www.anjou-tfp-plomberie.fr\/inlog\/installation-salle-de-bain\/#breadcrumb"},"inLanguage":"fr-FR","potentialAction":[{"@type":"ReadAction","target":["https:\/\/www.anjou-tfp-plomberie.fr\/inlog\/installation-salle-de-bain\/"]}]},{"@type":"ImageObject","inLanguage":"fr-FR","@id":"https:\/\/www.anjou-tfp-plomberie.fr\/inlog\/installation-salle-de-bain\/#primaryimage","url":"https:\/\/www.anjou-tfp-plomberie.fr\/wp-content\/uploads\/2023\/05\/20220407_134909-800x450.jpg","contentUrl":"https:\/\/www.anjou-tfp-plomberie.fr\/wp-content\/uploads\/2023\/05\/20220407_134909-800x450.jpg"},{"@type":"BreadcrumbList","@id":"https:\/\/www.anjou-tfp-plomberie.fr\/inlog\/installation-salle-de-bain\/#breadcrumb","itemListElement":[{"@type":"ListItem","position":1,"name":"Accueil","item":"https:\/\/www.anjou-tfp-plomberie.fr\/inlog\/"},{"@type":"ListItem","position":2,"name":"Installation salle de bain"}]},{"@type":"WebSite","@id":"https:\/\/www.anjou-tfp-plomberie.fr\/inlog\/#website","url":"https:\/\/www.anjou-tfp-plomberie.fr\/inlog\/","name":"Anjou TFP Plomberie","description":"","publisher":{"@id":"https:\/\/www.anjou-tfp-plomberie.fr\/inlog\/#organization"},"potentialAction":[{"@type":"SearchAction","target":{"@type":"EntryPoint","urlTemplate":"https:\/\/www.anjou-tfp-plomberie.fr\/inlog\/?s={search_term_string}"},"query-input":{"@type":"PropertyValueSpecification","valueRequired":true,"valueName":"search_term_string"}}],"inLanguage":"fr-FR"},{"@type":"Organization","@id":"https:\/\/www.anjou-tfp-plomberie.fr\/inlog\/#organization","name":"Anjou TFP Plomberie","url":"https:\/\/www.anjou-tfp-plomberie.fr\/inlog\/","logo":{"@type":"ImageObject","inLanguage":"fr-FR","@id":"https:\/\/www.anjou-tfp-plomberie.fr\/inlog\/#\/schema\/logo\/image\/","url":"https:\/\/www.anjou-tfp-plomberie.fr\/wp-content\/uploads\/2023\/04\/cropped-logotfp-entete-1.jpg","contentUrl":"https:\/\/www.anjou-tfp-plomberie.fr\/wp-content\/uploads\/2023\/04\/cropped-logotfp-entete-1.jpg","width":171,"height":70,"caption":"Anjou TFP Plomberie"},"image":{"@id":"https:\/\/www.anjou-tfp-plomberie.fr\/inlog\/#\/schema\/logo\/image\/"},"sameAs":["https:\/\/www.facebook.com\/AnjouTfpPlomberieToubin\/?locale=fr_FR","https:\/\/www.pagesjaunes.fr\/pros\/54400017"]}]}},"_links":{"self":[{"href":"https:\/\/www.anjou-tfp-plomberie.fr\/inlog\/wp-json\/wp\/v2\/pages\/261","targetHints":{"allow":["GET"]}}],"collection":[{"href":"https:\/\/www.anjou-tfp-plomberie.fr\/inlog\/wp-json\/wp\/v2\/pages"}],"about":[{"href":"https:\/\/www.anjou-tfp-plomberie.fr\/inlog\/wp-json\/wp\/v2\/types\/page"}],"author":[{"embeddable":true,"href":"https:\/\/www.anjou-tfp-plomberie.fr\/inlog\/wp-json\/wp\/v2\/users\/1"}],"replies":[{"embeddable":true,"href":"https:\/\/www.anjou-tfp-plomberie.fr\/inlog\/wp-json\/wp\/v2\/comments?post=261"}],"version-history":[{"count":34,"href":"https:\/\/www.anjou-tfp-plomberie.fr\/inlog\/wp-json\/wp\/v2\/pages\/261\/revisions"}],"predecessor-version":[{"id":666,"href":"https:\/\/www.anjou-tfp-plomberie.fr\/inlog\/wp-json\/wp\/v2\/pages\/261\/revisions\/666"}],"wp:attachment":[{"href":"https:\/\/www.anjou-tfp-plomberie.fr\/inlog\/wp-json\/wp\/v2\/media?parent=261"}],"curies":[{"name":"wp","href":"https:\/\/api.w.org\/{rel}","templated":true}]}}